{"id":188,"date":"2020-02-14T19:17:48","date_gmt":"2020-02-14T18:17:48","guid":{"rendered":"http:\/\/edmor.pl\/?page_id=188"},"modified":"2020-02-14T19:17:48","modified_gmt":"2020-02-14T18:17:48","slug":"na-zawrat-przez-zmarzly-staw","status":"publish","type":"page","link":"https:\/\/edmor.tktj.pl\/index.php\/na-zawrat-przez-zmarzly-staw\/","title":{"rendered":"Na Zawrat przez Zmarz\u0142y Staw"},"content":{"rendered":"\n<p>[ultimate_maps id=&#8221;3&#8243;]<\/p>\n\n\n<style type=\"text\/css\">\n\t#foogallery-gallery-180 .fg-image {\n        width: 320px;\n    }\n<\/style>\n\t\t\t\t<nav id=\"foogallery-gallery-180_paging-top\" class=\"fg-paging-container fg-ph-dots\"><\/nav><div class=\"foogallery foogallery-container foogallery-default foogallery-lightbox-foobox fg-gutter-25 fg-center fg-default fg-light fg-border-thin fg-round-medium fg-shadow-small fg-shadow-inset-medium fg-loading-trail fg-loaded-fade-in fg-caption-hover fg-hover-fade fg-ready\" id=\"foogallery-gallery-180\" data-foogallery=\"{&quot;item&quot;:{&quot;showCaptionTitle&quot;:true,&quot;showCaptionDescription&quot;:true},&quot;lazy&quot;:true,&quot;paging&quot;:{&quot;type&quot;:&quot;dots&quot;,&quot;theme&quot;:&quot;fg-dark&quot;,&quot;size&quot;:6,&quot;position&quot;:&quot;both&quot;,&quot;scrollToTop&quot;:true,&quot;output&quot;:&quot;&quot;}}\" >\n\t<div class=\"fg-item fg-type-image fg-idle\"><figure class=\"fg-item-inner\"><a href=\"https:\/\/edmor.tktj.pl\/wp-content\/uploads\/2020\/02\/p1092d96fc.jpg\" data-caption-title=\"Zmarz\u0142y Staw\" data-caption-desc=\"Lodowisko for free\" data-attachment-id=\"172\" data-type=\"image\" class=\"fg-thumb\"><span class=\"fg-image-wrap\"><img fetchpriority=\"high\" decoding=\"async\" alt=\"Zimowa magia Tatr - Zawrat 2020\" title=\"Zmarz\u0142y Staw\" width=\"320\" height=\"240\" class=\"skip-lazy fg-image\" data-src-fg=\"https:\/\/edmor.tktj.pl\/wp-content\/uploads\/cache\/2020\/02\/p1092d96fc\/41473248.jpg\" src=\"data:image\/svg+xml,%3Csvg%20xmlns%3D%22http%3A%2F%2Fwww.w3.org%2F2000%2Fsvg%22%20width%3D%22320%22%20height%3D%22240%22%20viewBox%3D%220%200%20320%20240%22%3E%3C%2Fsvg%3E\" loading=\"eager\"><\/span><span class=\"fg-image-overlay\"><\/span><\/a><figcaption class=\"fg-caption\"><div class=\"fg-caption-inner\"><div class=\"fg-caption-title\">Zmarz\u0142y Staw<\/div><div class=\"fg-caption-desc\">Lodowisko for free<\/div><\/div><\/figcaption><\/figure><div class=\"fg-loader\"><\/div><\/div><div class=\"fg-item fg-type-image fg-idle\"><figure class=\"fg-item-inner\"><a href=\"https:\/\/edmor.tktj.pl\/wp-content\/uploads\/2020\/02\/p116d19fc.jpg\" data-attachment-id=\"171\" data-type=\"image\" class=\"fg-thumb\"><span class=\"fg-image-wrap\"><img decoding=\"async\" alt=\"p116d19fc\" width=\"320\" height=\"240\" class=\"skip-lazy fg-image\" data-src-fg=\"https:\/\/edmor.tktj.pl\/wp-content\/uploads\/cache\/2020\/02\/p116d19fc\/394829960.jpg\" src=\"data:image\/svg+xml,%3Csvg%20xmlns%3D%22http%3A%2F%2Fwww.w3.org%2F2000%2Fsvg%22%20width%3D%22320%22%20height%3D%22240%22%20viewBox%3D%220%200%20320%20240%22%3E%3C%2Fsvg%3E\" loading=\"eager\"><\/span><span class=\"fg-image-overlay\"><\/span><\/a><figcaption class=\"fg-caption\"><div class=\"fg-caption-inner\"><\/div><\/figcaption><\/figure><div class=\"fg-loader\"><\/div><\/div><div class=\"fg-item fg-type-image fg-idle\"><figure class=\"fg-item-inner\"><a href=\"https:\/\/edmor.tktj.pl\/wp-content\/uploads\/2020\/02\/IMG_1147.jpg\" data-caption-title=\"Widok z szlaku na Zawrat\" data-caption-desc=\"Granaty po lewej\" data-attachment-id=\"178\" data-type=\"image\" class=\"fg-thumb\"><span class=\"fg-image-wrap\"><img decoding=\"async\" alt=\"Granaty po lewej\" title=\"Widok z szlaku na Zawrat\" width=\"320\" height=\"240\" class=\"skip-lazy fg-image\" data-src-fg=\"https:\/\/edmor.tktj.pl\/wp-content\/uploads\/cache\/2020\/02\/IMG_1147\/2987121535.jpg\" src=\"data:image\/svg+xml,%3Csvg%20xmlns%3D%22http%3A%2F%2Fwww.w3.org%2F2000%2Fsvg%22%20width%3D%22320%22%20height%3D%22240%22%20viewBox%3D%220%200%20320%20240%22%3E%3C%2Fsvg%3E\" loading=\"eager\"><\/span><span class=\"fg-image-overlay\"><\/span><\/a><figcaption class=\"fg-caption\"><div class=\"fg-caption-inner\"><div class=\"fg-caption-title\">Widok z szlaku na Zawrat<\/div><div class=\"fg-caption-desc\">Granaty po lewej<\/div><\/div><\/figcaption><\/figure><div class=\"fg-loader\"><\/div><\/div><div class=\"fg-item fg-type-image fg-idle\"><figure class=\"fg-item-inner\"><a href=\"https:\/\/edmor.tktj.pl\/wp-content\/uploads\/2020\/02\/MG_1044hssh.jpg\" data-caption-desc=\"S\u0142o\u0144ce si\u0119 chowa za Ko\u015bcielcem, idzie na niego teraz dw\u00f3ch koleg\u00f3w\" data-attachment-id=\"175\" data-type=\"image\" class=\"fg-thumb\"><span class=\"fg-image-wrap\"><img decoding=\"async\" alt=\"_MG_1044hssh\" width=\"320\" height=\"240\" class=\"skip-lazy fg-image\" data-src-fg=\"https:\/\/edmor.tktj.pl\/wp-content\/uploads\/cache\/2020\/02\/MG_1044hssh\/1288167348.jpg\" src=\"data:image\/svg+xml,%3Csvg%20xmlns%3D%22http%3A%2F%2Fwww.w3.org%2F2000%2Fsvg%22%20width%3D%22320%22%20height%3D%22240%22%20viewBox%3D%220%200%20320%20240%22%3E%3C%2Fsvg%3E\" loading=\"eager\"><\/span><span class=\"fg-image-overlay\"><\/span><\/a><figcaption class=\"fg-caption\"><div class=\"fg-caption-inner\"><div class=\"fg-caption-desc\">S\u0142o\u0144ce si\u0119 chowa za Ko\u015bcielcem, idzie na niego teraz dw\u00f3ch koleg\u00f3w<\/div><\/div><\/figcaption><\/figure><div class=\"fg-loader\"><\/div><\/div><div class=\"fg-item fg-type-image fg-idle\"><figure class=\"fg-item-inner\"><a href=\"https:\/\/edmor.tktj.pl\/wp-content\/uploads\/2020\/02\/IMG_1146.jpg\" data-caption-title=\"Zawrat\" data-caption-desc=\"Na szlaku na Zawrat\" data-attachment-id=\"177\" data-type=\"image\" class=\"fg-thumb\"><span class=\"fg-image-wrap\"><img decoding=\"async\" title=\"Zawrat\" width=\"320\" height=\"240\" class=\"skip-lazy fg-image\" data-src-fg=\"https:\/\/edmor.tktj.pl\/wp-content\/uploads\/cache\/2020\/02\/IMG_1146\/3439047814.jpg\" src=\"data:image\/svg+xml,%3Csvg%20xmlns%3D%22http%3A%2F%2Fwww.w3.org%2F2000%2Fsvg%22%20width%3D%22320%22%20height%3D%22240%22%20viewBox%3D%220%200%20320%20240%22%3E%3C%2Fsvg%3E\" loading=\"eager\"><\/span><span class=\"fg-image-overlay\"><\/span><\/a><figcaption class=\"fg-caption\"><div class=\"fg-caption-inner\"><div class=\"fg-caption-title\">Zawrat<\/div><div class=\"fg-caption-desc\">Na szlaku na Zawrat<\/div><\/div><\/figcaption><\/figure><div class=\"fg-loader\"><\/div><\/div><div class=\"fg-item fg-type-image fg-idle\"><figure class=\"fg-item-inner\"><a href=\"https:\/\/edmor.tktj.pl\/wp-content\/uploads\/2020\/02\/fa_p116d19fc.jpg\" data-caption-title=\"Zamarzni\u0119ty i b\u0142yszcz\u0105cy Zmarz\u0142y Staw\" data-caption-desc=\"Szlak prowadzi\u0142 nas przez zamarzni\u0119ty i b\u0142yszcz\u0105cy Zmarz\u0142y Staw, przypominaj\u0105cy naturalne lodowisko, kt\u00f3re urzeka\u0142o swoim magicznym wygl\u0105dem.\" data-attachment-id=\"176\" data-type=\"image\" class=\"fg-thumb\"><span class=\"fg-image-wrap\"><img decoding=\"async\" alt=\"Zamarzni\u0119ty i b\u0142yszcz\u0105cy Zmarz\u0142y Staw\" title=\"Zamarzni\u0119ty i b\u0142yszcz\u0105cy Zmarz\u0142y Staw\" width=\"320\" height=\"240\" class=\"skip-lazy fg-image\" data-src-fg=\"https:\/\/edmor.tktj.pl\/wp-content\/uploads\/cache\/2020\/02\/fa_p116d19fc\/1814860897.jpg\" src=\"data:image\/svg+xml,%3Csvg%20xmlns%3D%22http%3A%2F%2Fwww.w3.org%2F2000%2Fsvg%22%20width%3D%22320%22%20height%3D%22240%22%20viewBox%3D%220%200%20320%20240%22%3E%3C%2Fsvg%3E\" loading=\"eager\"><\/span><span class=\"fg-image-overlay\"><\/span><\/a><figcaption class=\"fg-caption\"><div class=\"fg-caption-inner\"><div class=\"fg-caption-title\">Zamarzni\u0119ty i b\u0142yszcz\u0105cy Zmarz\u0142y Staw<\/div><div class=\"fg-caption-desc\">Szlak prowadzi\u0142 nas przez zamarzni\u0119ty i b\u0142yszcz\u0105cy Zmarz\u0142y Staw, przypominaj\u0105cy naturalne lodowisko, kt\u00f3re urzeka\u0142o swoim magicznym wygl\u0105dem.<\/div><\/div><\/figcaption><\/figure><div class=\"fg-loader\"><\/div><\/div><\/div>\n<nav id=\"foogallery-gallery-180_paging-bottom\" class=\"fg-paging-container fg-ph-dots\"><\/nav><script type=\"text\/javascript\">  window[\"foogallery-gallery-180_items\"] = [{\"href\":\"https:\/\/edmor.tktj.pl\/wp-content\/uploads\/2020\/02\/MG_1033hvssh.jpg\",\"type\":\"image\",\"src\":\"https:\/\/edmor.tktj.pl\/wp-content\/uploads\/cache\/2020\/02\/MG_1033hvssh\/2369763979.jpg\",\"width\":320,\"height\":240,\"alt\":\"Na Czarnym Stawie G\u0105sienicowym _MG_1033hvssh\",\"id\":174,\"title\":\"Na Czarnym Stawie G\u0105sienicowym\",\"caption\":\"Na Czarnym Stawie G\u0105sienicowym\",\"description\":\"Na Czarnym Stawie G\u0105sienicowym gruby l\u00f3d, mo\u017cna sobie skr\u00f3ci\u0107 drog\u0119\",\"attr\":{\"anchor\":{\"data-caption-title\":\"Na Czarnym Stawie G\u0105sienicowym\",\"data-caption-desc\":\"Na Czarnym Stawie G\u0105sienicowym gruby l\u00f3d, mo\u017cna sobie skr\u00f3ci\u0107 drog\u0119\",\"data-attachment-id\":174,\"class\":\"fg-thumb\"}}}, {\"href\":\"https:\/\/edmor.tktj.pl\/wp-content\/uploads\/2020\/02\/p1181d84fcd.jpg\",\"type\":\"image\",\"src\":\"https:\/\/edmor.tktj.pl\/wp-content\/uploads\/cache\/2020\/02\/p1181d84fcd\/3273645327.jpg\",\"width\":320,\"height\":240,\"alt\":\"Na dole Zmarz\u0142y Staw, po prawej Granaty\",\"id\":173,\"title\":\"Na dole Zmarz\u0142y Staw, po prawej Granaty\",\"caption\":\"Na dole Zmarz\u0142y Staw, po prawej Granaty\",\"description\":\"Na dole Zmarz\u0142y Staw, po prawej Granaty Na dole dostrzec mo\u017cna zamarzni\u0119ty Zmarz\u0142y Staw, kt\u00f3ry otacza surowe pi\u0119kno tatrza\u0144skich szczyt\u00f3w.\",\"attr\":{\"anchor\":{\"data-caption-title\":\"Na dole Zmarz\u0142y Staw, po prawej Granaty\",\"data-caption-desc\":\"Na dole Zmarz\u0142y Staw, po prawej Granaty Na dole dostrzec mo\u017cna zamarzni\u0119ty Zmarz\u0142y Staw, kt\u00f3ry otacza surowe pi\u0119kno tatrza\u0144skich szczyt\u00f3w.\",\"data-attachment-id\":173,\"class\":\"fg-thumb\"}}}, {\"href\":\"https:\/\/edmor.tktj.pl\/wp-content\/uploads\/2020\/02\/IMG_20200122_112337.jpg\",\"type\":\"image\",\"src\":\"https:\/\/edmor.tktj.pl\/wp-content\/uploads\/cache\/2020\/02\/IMG_20200122_112337\/1884683354.jpg\",\"width\":320,\"height\":240,\"alt\":\"Na dole Zmarz\u0142y Staw\",\"id\":170,\"title\":\"Zamarzni\u0119ty i b\u0142yszcz\u0105cy Zmarz\u0142y Staw\",\"caption\":\"Zamarzni\u0119ty i b\u0142yszcz\u0105cy Zmarz\u0142y Staw\",\"description\":\"Szlak prowadzi\u0142 nas przez zamarzni\u0119ty i b\u0142yszcz\u0105cy Zmarz\u0142y Staw, przypominaj\u0105cy naturalne lodowisko, kt\u00f3re urzeka\u0142o swoim magicznym wygl\u0105dem.\",\"attr\":{\"anchor\":{\"data-caption-title\":\"Zamarzni\u0119ty i b\u0142yszcz\u0105cy Zmarz\u0142y Staw\",\"data-caption-desc\":\"Szlak prowadzi\u0142 nas przez zamarzni\u0119ty i b\u0142yszcz\u0105cy Zmarz\u0142y Staw, przypominaj\u0105cy naturalne lodowisko, kt\u00f3re urzeka\u0142o swoim magicznym wygl\u0105dem.\",\"data-attachment-id\":170,\"class\":\"fg-thumb\"}}}, {\"href\":\"https:\/\/edmor.tktj.pl\/wp-content\/uploads\/2020\/02\/IMG_1187.jpg\",\"type\":\"image\",\"src\":\"https:\/\/edmor.tktj.pl\/wp-content\/uploads\/cache\/2020\/02\/IMG_1187\/394438088.jpg\",\"width\":320,\"height\":240,\"alt\":\"IMG_1187\",\"id\":169,\"description\":\"Nad Zmarz\u0142ym Stawem\",\"attr\":{\"anchor\":{\"data-caption-desc\":\"Nad Zmarz\u0142ym Stawem\",\"data-attachment-id\":169,\"class\":\"fg-thumb\"}}}  ];<\/script>\n\n\n<p>Zapraszam do obejrzenia galerii zdj\u0119\u0107 z niezapomnianej zimowej w\u0119dr\u00f3wki szlakiem na Zawrat w Tatrach przez Zmarz\u0142y Staw podczas <a href=\"https:\/\/foto.tktj.pl\/index.php?\/category\/93\">obozu zimowego<\/a> <a href=\"https:\/\/tktj.pl\/\">Tarnog\u00f3rskiego Klubu Taternictwa Jaskiniowego (TKTJ)<\/a>. Szlak prowadzi\u0142 nas przez zamarzni\u0119ty i b\u0142yszcz\u0105cy Zmarz\u0142y Staw, przypominaj\u0105cy naturalne lodowisko, kt\u00f3re urzeka\u0142o swoim magicznym wygl\u0105dem. Im wy\u017cej wchodzili\u015bmy, tym bardziej imponuj\u0105ce by\u0142y widoki na surowe pi\u0119kno tatrza\u0144skich szczyt\u00f3w otaczaj\u0105cych dolin\u0119. Zima w Tatrach to prawdziwa przygoda \u2013 lodowate krajobrazy, \u015bnieg skrzypi\u0105cy pod stopami i niezapomniana atmosfera g\u00f3rskiego wyzwania! \ud83c\udfd4\ufe0f\u2744\ufe0f<\/p>\n\n\n\n<p><a href=\"http:\/\/edmor.tktj.pl\/na-zachod-slonca-na-przeleczy-kondrackiej-przez-czerwone-wierchy\/\">Na zach\u00f3d s\u0142o\u0144ca na Prze\u0142\u0119czy Kondrackiej przez Ciemniak, Krzesanic\u0119, Ma\u0142o\u0142\u0105czniak I Kop\u0119 Kondrack\u0105 \u2013 by\u0142o pi\u0119knie!<\/a><\/p>\n\n\n\n<p>#Tatry #Zawrat #TKTJ #ZimoweTatry #G\u00f3ry #Zmarz\u0142yStaw #Ob\u00f3zZimowy<\/p>\n\n\n\n<p><\/p>\n","protected":false},"excerpt":{"rendered":"<p>[ultimate_maps id=&#8221;3&#8243;] Zapraszam do obejrzenia galerii zdj\u0119\u0107 z niezapomnianej zimowej w\u0119dr\u00f3wki szlakiem na Zawrat w Tatrach przez Zmarz\u0142y Staw podczas obozu zimowego Tarnog\u00f3rskiego Klubu Taternictwa Jaskiniowego (TKTJ). Szlak prowadzi\u0142 nas przez zamarzni\u0119ty i b\u0142yszcz\u0105cy Zmarz\u0142y Staw, przypominaj\u0105cy naturalne lodowisko, kt\u00f3re urzeka\u0142o swoim magicznym wygl\u0105dem. Im wy\u017cej wchodzili\u015bmy, tym bardziej imponuj\u0105ce by\u0142y widoki na surowe pi\u0119kno [&hellip;]<\/p>\n","protected":false},"author":1,"featured_media":0,"parent":0,"menu_order":0,"comment_status":"closed","ping_status":"closed","template":"","meta":{"ngg_post_thumbnail":0,"footnotes":""},"class_list":["post-188","page","type-page","status-publish","hentry"],"_links":{"self":[{"href":"https:\/\/edmor.tktj.pl\/index.php\/wp-json\/wp\/v2\/pages\/188","targetHints":{"allow":["GET"]}}],"collection":[{"href":"https:\/\/edmor.tktj.pl\/index.php\/wp-json\/wp\/v2\/pages"}],"about":[{"href":"https:\/\/edmor.tktj.pl\/index.php\/wp-json\/wp\/v2\/types\/page"}],"author":[{"embeddable":true,"href":"https:\/\/edmor.tktj.pl\/index.php\/wp-json\/wp\/v2\/users\/1"}],"replies":[{"embeddable":true,"href":"https:\/\/edmor.tktj.pl\/index.php\/wp-json\/wp\/v2\/comments?post=188"}],"version-history":[{"count":0,"href":"https:\/\/edmor.tktj.pl\/index.php\/wp-json\/wp\/v2\/pages\/188\/revisions"}],"wp:attachment":[{"href":"https:\/\/edmor.tktj.pl\/index.php\/wp-json\/wp\/v2\/media?parent=188"}],"curies":[{"name":"wp","href":"https:\/\/api.w.org\/{rel}","templated":true}]}}