{"id":221,"date":"2020-02-16T22:01:12","date_gmt":"2020-02-16T21:01:12","guid":{"rendered":"https:\/\/edmor.pl\/?page_id=221"},"modified":"2020-02-16T22:01:12","modified_gmt":"2020-02-16T21:01:12","slug":"via-ferrata-scalette-torre-toblin-2","status":"publish","type":"page","link":"https:\/\/edmor.tktj.pl\/index.php\/via-ferrata-scalette-torre-toblin-2\/","title":{"rendered":"Via Ferrata Scalette Torre Toblin"},"content":{"rendered":"<div class=\"taxonomy\">\n<p>Kr\u00f3tka ferrata ( ok. 2 godzin) w okolicyTre Cime di Lavaredo. Punktem wyj\u015bcia na ferrat\u0119 jest schronisko &#8222;Tre Cime&#8221;. Toczy\u0142y si\u0119 tu ostre walki mi\u0119dzy Austriakami i W\u0142ochami podczas I wojny \u015bwiatowej.&nbsp; Z Torre Toblin Austriacy ostrzeliwali znajduj\u0105cych si\u0119 na Monte Paterno W\u0142och\u00f3w, wi\u0119c zbudowali na szczyt drog\u0119, z wykorzystaniem drabin.<\/p>\n<\/div>\n<div class=\"content\">\n<p style=\"text-align: center;\"><a href=\"http:\/\/edmor.pl\/fa\/2011\/wscalette2011\/index.html\" target=\"_blank\" rel=\"noopener noreferrer\"><strong>Please see my photo report:<\/strong><\/a><a href=\"http:\/\/edmor.pl\/fa\/2011\/wscalette2011\/index.html\" target=\"_blank\" rel=\"noopener noreferrer\"><img loading=\"lazy\" decoding=\"async\" class=\"aligncenter\" src=\"https:\/\/www.edmor.pl\/fa\/2011\/wscalette2011\/wscalette2011.jpg\" alt=\"Via Ferrata Scalette Torre Toblin\n\" width=\"400\" height=\"231\" border=\"4\"><\/a><\/p>\n<\/div>\n","protected":false},"excerpt":{"rendered":"<p>Kr\u00f3tka ferrata ( ok. 2 godzin) w okolicyTre Cime di Lavaredo. Punktem wyj\u015bcia na ferrat\u0119 jest schronisko &#8222;Tre Cime&#8221;. Toczy\u0142y si\u0119 tu ostre walki mi\u0119dzy Austriakami i W\u0142ochami podczas I wojny \u015bwiatowej.&nbsp; Z Torre Toblin Austriacy ostrzeliwali znajduj\u0105cych si\u0119 na Monte Paterno W\u0142och\u00f3w, wi\u0119c zbudowali na szczyt drog\u0119, z wykorzystaniem drabin. Please see my photo [&hellip;]<\/p>\n","protected":false},"author":1,"featured_media":0,"parent":0,"menu_order":0,"comment_status":"closed","ping_status":"closed","template":"","meta":{"ngg_post_thumbnail":0,"footnotes":""},"class_list":["post-221","page","type-page","status-publish","hentry"],"_links":{"self":[{"href":"https:\/\/edmor.tktj.pl\/index.php\/wp-json\/wp\/v2\/pages\/221","targetHints":{"allow":["GET"]}}],"collection":[{"href":"https:\/\/edmor.tktj.pl\/index.php\/wp-json\/wp\/v2\/pages"}],"about":[{"href":"https:\/\/edmor.tktj.pl\/index.php\/wp-json\/wp\/v2\/types\/page"}],"author":[{"embeddable":true,"href":"https:\/\/edmor.tktj.pl\/index.php\/wp-json\/wp\/v2\/users\/1"}],"replies":[{"embeddable":true,"href":"https:\/\/edmor.tktj.pl\/index.php\/wp-json\/wp\/v2\/comments?post=221"}],"version-history":[{"count":0,"href":"https:\/\/edmor.tktj.pl\/index.php\/wp-json\/wp\/v2\/pages\/221\/revisions"}],"wp:attachment":[{"href":"https:\/\/edmor.tktj.pl\/index.php\/wp-json\/wp\/v2\/media?parent=221"}],"curies":[{"name":"wp","href":"https:\/\/api.w.org\/{rel}","templated":true}]}}