{"id":6191,"date":"2020-02-17T22:59:42","date_gmt":"2020-02-17T21:59:42","guid":{"rendered":"https:\/\/edmor.pl\/?page_id=6191"},"modified":"2020-02-17T22:59:42","modified_gmt":"2020-02-17T21:59:42","slug":"zespol-folwarczny-donnerrsmarckow-w-woznikach","status":"publish","type":"page","link":"https:\/\/edmor.tktj.pl\/index.php\/zespol-folwarczny-donnerrsmarckow-w-woznikach\/","title":{"rendered":"Zesp\u00f3\u0142 folwarczny\u00a0 Donnerrsmarck\u00f3w w Wo\u017anikach"},"content":{"rendered":"\n<p>Zapraszam do odwiedzenia&nbsp;<strong>zespo\u0142u folwarcznego &nbsp;Donnerrsmarc\u00f3w<\/strong>&nbsp;z pocz\u0105tku XX w. w Wo\u017anikach sk\u0142adaj\u0105cego si\u0119 mi\u0119dzy innymi z gorzelni, spichlerza i ku\u017ani.<\/p>\n\n\n\n<p>&nbsp;&nbsp;&nbsp;W latach 90 tych zesz\u0142ego wieku na terenie gorzelni dzia\u0142a\u0142a jeszcze sp\u00f3\u0142ka Makles produkuj\u0105ca wyroby spirytusowe ze zb\u00f3\u017c okolicznych rolnik\u00f3w. Specyficzne zapaszki rozchodzi\u0142y si\u0119 wtedy w okolicy. Po zako\u0144czeniu jej dzia\u0142alno\u015bci urz\u0105dzenia techniczne zacz\u0119\u0142y \u201ewyparowywa\u0107\u201d &nbsp;a obiekty niestety popadaj\u0105 w ruin\u0119. Teren i obiekty mo\u017cna kupi\u0107 \u2013 oferta Miasta Wo\u017aniki wisi na jednym z budynk\u00f3w, wi\u0119c mo\u017cna by jeszcze wskrzesi\u0107 produkcj\u0119 C<sub>2<\/sub>H<sub>5<\/sub>OH.<br><\/p>\n\n\n\n<p><em>&nbsp;&nbsp;Obiekty s\u0105 obecnie w z\u0142ym stanie technicznym mi\u0119dzy innymi wskutek dzia\u0142a\u0144 amator\u00f3w z\u0142omu, niekt\u00f3re stropy s\u0105 uszkodzone lub zniszczone, mog\u0105 te\u017c spa\u015b\u0107 lu\u017ane fragmenty konstrukcji i&nbsp;<strong>przebywanie na ich terenie jest niebezpieczne<\/strong><\/em>.<\/p>\n\n\n\nngg_shortcode_0_placeholder\n","protected":false},"excerpt":{"rendered":"<p>Zapraszam do odwiedzenia&nbsp;zespo\u0142u folwarcznego &nbsp;Donnerrsmarc\u00f3w&nbsp;z pocz\u0105tku XX w. w Wo\u017anikach sk\u0142adaj\u0105cego si\u0119 mi\u0119dzy innymi z gorzelni, spichlerza i ku\u017ani. &nbsp;&nbsp;&nbsp;W latach 90 tych zesz\u0142ego wieku na terenie gorzelni dzia\u0142a\u0142a jeszcze sp\u00f3\u0142ka Makles produkuj\u0105ca wyroby spirytusowe ze zb\u00f3\u017c okolicznych rolnik\u00f3w. Specyficzne zapaszki rozchodzi\u0142y si\u0119 wtedy w okolicy. Po zako\u0144czeniu jej dzia\u0142alno\u015bci urz\u0105dzenia techniczne zacz\u0119\u0142y \u201ewyparowywa\u0107\u201d &nbsp;a [&hellip;]<\/p>\n","protected":false},"author":1,"featured_media":0,"parent":0,"menu_order":0,"comment_status":"closed","ping_status":"closed","template":"","meta":{"ngg_post_thumbnail":0,"footnotes":""},"class_list":["post-6191","page","type-page","status-publish","hentry"],"_links":{"self":[{"href":"https:\/\/edmor.tktj.pl\/index.php\/wp-json\/wp\/v2\/pages\/6191","targetHints":{"allow":["GET"]}}],"collection":[{"href":"https:\/\/edmor.tktj.pl\/index.php\/wp-json\/wp\/v2\/pages"}],"about":[{"href":"https:\/\/edmor.tktj.pl\/index.php\/wp-json\/wp\/v2\/types\/page"}],"author":[{"embeddable":true,"href":"https:\/\/edmor.tktj.pl\/index.php\/wp-json\/wp\/v2\/users\/1"}],"replies":[{"embeddable":true,"href":"https:\/\/edmor.tktj.pl\/index.php\/wp-json\/wp\/v2\/comments?post=6191"}],"version-history":[{"count":0,"href":"https:\/\/edmor.tktj.pl\/index.php\/wp-json\/wp\/v2\/pages\/6191\/revisions"}],"wp:attachment":[{"href":"https:\/\/edmor.tktj.pl\/index.php\/wp-json\/wp\/v2\/media?parent=6191"}],"curies":[{"name":"wp","href":"https:\/\/api.w.org\/{rel}","templated":true}]}}