{"id":6603,"date":"2020-02-20T11:11:33","date_gmt":"2020-02-20T10:11:33","guid":{"rendered":"https:\/\/edmor.pl\/atari-800xl\/"},"modified":"2020-02-20T11:11:33","modified_gmt":"2020-02-20T10:11:33","slug":"atari-800xl","status":"publish","type":"page","link":"https:\/\/edmor.tktj.pl\/index.php\/atari-800xl\/","title":{"rendered":"Atari 800XL"},"content":{"rendered":"\n<p>Model\u00a0<a href=\"http:\/\/starekomputery.uibs.com.pl\/atari\/800xl.html#top\">800XL<\/a>\u00a0posiada\u0142 64 kB pami\u0119ci RAM, dwa porty joystick&#8217;a oraz wszystkie specjalizowane uk\u0142ady z poprzednich modeli (Pokey, GTIA, Antic). Dodatkowo posiada\u0142 nowy interfejs szyny szeregowej (PBI) kt\u00f3ra zapewnia\u0142a szybki dost\u0119p do magistrali systemowej. Uk\u0142ad graficzny Antic, w nowszej wersji, oferowa\u0142 16 tryb\u00f3w graficznych zamiast 12 dost\u0119pnych w\u00a0Atari 800. <\/p>\n\n\n\n<figure class=\"wp-block-table\"><table><tbody><tr><td>Nazwa<\/td><td>&nbsp;&nbsp;800XL<\/td><\/tr><tr><td>&nbsp;&nbsp;Producent<\/td><td>&nbsp;&nbsp;Atari (USA)<\/td><\/tr><tr><td>&nbsp;&nbsp;Rok produkcji<\/td><td>&nbsp;&nbsp;1982<\/td><\/tr><tr><td>&nbsp;&nbsp;CPU<\/td><td>&nbsp;&nbsp;6502C (1.77 MHz) [MOS Technology]<\/td><\/tr><tr><td>&nbsp;&nbsp;Uk\u0142ady dodatkowe<\/td><td>&nbsp;&nbsp;GTIA (grafika), POKEY (d\u017awi\u0119k, we\/wy), ANTIC (grafika)<\/td><\/tr><tr><td>&nbsp;&nbsp;RAM<\/td><td>&nbsp;&nbsp;64 kB<\/td><\/tr><tr><td>&nbsp;&nbsp;ROM<\/td><td>&nbsp;&nbsp;24 kB<\/td><\/tr><tr><td>&nbsp;&nbsp;Porty we\/wy<\/td><td>&nbsp;&nbsp;RF TV, composite video,&nbsp;<a href=\"http:\/\/starekomputery.uibs.com.pl\/inne\/kart.html\">cartridge<\/a>&nbsp;, port szeregowy (SIO), szyna<br>&nbsp;&nbsp;r\u00f3wnoleg\u0142a, 2x joystick<\/td><\/tr><tr><td>&nbsp;&nbsp;Zasilanie<\/td><td>&nbsp;&nbsp;zewn\u0119trzny zasilacz<\/td><\/tr><tr><td>&nbsp;&nbsp;System operacyjny<\/td><td>&nbsp;&nbsp;XL OS<\/td><\/tr><tr><td>&nbsp;&nbsp;Jezyk programowania<\/td><td>&nbsp;&nbsp;Atari BASIC<\/td><\/tr><tr><td>&nbsp;&nbsp;Tryb tekstowy<\/td><td>&nbsp;&nbsp;40 x 25<\/td><\/tr><tr><td>&nbsp;&nbsp;Tryb graficzny<\/td><td>&nbsp;&nbsp;320 x 192 (128\/256 kolor\u00f3w)<\/td><\/tr><tr><td>&nbsp;&nbsp;D\u017awi\u0119ki<\/td><td>&nbsp;&nbsp;4 kana\u0142y \/ 3.5 oktaw<\/td><\/tr><\/tbody><\/table><\/figure>\n\n\n\nngg_shortcode_0_placeholder\n","protected":false},"excerpt":{"rendered":"<p>Model\u00a0800XL\u00a0posiada\u0142 64 kB pami\u0119ci RAM, dwa porty joystick&#8217;a oraz wszystkie specjalizowane uk\u0142ady z poprzednich modeli (Pokey, GTIA, Antic). Dodatkowo posiada\u0142 nowy interfejs szyny szeregowej (PBI) kt\u00f3ra zapewnia\u0142a szybki dost\u0119p do magistrali systemowej. Uk\u0142ad graficzny Antic, w nowszej wersji, oferowa\u0142 16 tryb\u00f3w graficznych zamiast 12 dost\u0119pnych w\u00a0Atari 800. Nazwa &nbsp;&nbsp;800XL &nbsp;&nbsp;Producent &nbsp;&nbsp;Atari (USA) &nbsp;&nbsp;Rok produkcji &nbsp;&nbsp;1982 [&hellip;]<\/p>\n","protected":false},"author":1,"featured_media":0,"parent":0,"menu_order":0,"comment_status":"closed","ping_status":"closed","template":"","meta":{"ngg_post_thumbnail":0,"footnotes":""},"class_list":["post-6603","page","type-page","status-publish","hentry"],"_links":{"self":[{"href":"https:\/\/edmor.tktj.pl\/index.php\/wp-json\/wp\/v2\/pages\/6603","targetHints":{"allow":["GET"]}}],"collection":[{"href":"https:\/\/edmor.tktj.pl\/index.php\/wp-json\/wp\/v2\/pages"}],"about":[{"href":"https:\/\/edmor.tktj.pl\/index.php\/wp-json\/wp\/v2\/types\/page"}],"author":[{"embeddable":true,"href":"https:\/\/edmor.tktj.pl\/index.php\/wp-json\/wp\/v2\/users\/1"}],"replies":[{"embeddable":true,"href":"https:\/\/edmor.tktj.pl\/index.php\/wp-json\/wp\/v2\/comments?post=6603"}],"version-history":[{"count":0,"href":"https:\/\/edmor.tktj.pl\/index.php\/wp-json\/wp\/v2\/pages\/6603\/revisions"}],"wp:attachment":[{"href":"https:\/\/edmor.tktj.pl\/index.php\/wp-json\/wp\/v2\/media?parent=6603"}],"curies":[{"name":"wp","href":"https:\/\/api.w.org\/{rel}","templated":true}]}}