{"id":6606,"date":"2020-02-20T11:11:54","date_gmt":"2020-02-20T10:11:54","guid":{"rendered":"https:\/\/edmor.pl\/fedora\/"},"modified":"2020-02-20T11:11:54","modified_gmt":"2020-02-20T10:11:54","slug":"fedora","status":"publish","type":"page","link":"https:\/\/edmor.tktj.pl\/index.php\/fedora\/","title":{"rendered":"Fedora"},"content":{"rendered":"\n<p><a href=\"https:\/\/getfedora.org\/pl\/\">Fedora <\/a>tworzy innowacyjn\u0105 platform\u0119 wolnego oprogramowania i\u00a0open source dla komputer\u00f3w, chmur i\u00a0kontener\u00f3w, umo\u017cliwiaj\u0105c\u0105 programistom i\u00a0spo\u0142eczno\u015bci budowanie rozwi\u0105za\u0144 dopasowanych do ich u\u017cytkownik\u00f3w.<\/p>\n\n\nngg_shortcode_0_placeholder","protected":false},"excerpt":{"rendered":"<p>Fedora tworzy innowacyjn\u0105 platform\u0119 wolnego oprogramowania i\u00a0open source dla komputer\u00f3w, chmur i\u00a0kontener\u00f3w, umo\u017cliwiaj\u0105c\u0105 programistom i\u00a0spo\u0142eczno\u015bci budowanie rozwi\u0105za\u0144 dopasowanych do ich u\u017cytkownik\u00f3w.<\/p>\n","protected":false},"author":1,"featured_media":0,"parent":0,"menu_order":0,"comment_status":"closed","ping_status":"closed","template":"","meta":{"ngg_post_thumbnail":0,"footnotes":""},"class_list":["post-6606","page","type-page","status-publish","hentry"],"_links":{"self":[{"href":"https:\/\/edmor.tktj.pl\/index.php\/wp-json\/wp\/v2\/pages\/6606","targetHints":{"allow":["GET"]}}],"collection":[{"href":"https:\/\/edmor.tktj.pl\/index.php\/wp-json\/wp\/v2\/pages"}],"about":[{"href":"https:\/\/edmor.tktj.pl\/index.php\/wp-json\/wp\/v2\/types\/page"}],"author":[{"embeddable":true,"href":"https:\/\/edmor.tktj.pl\/index.php\/wp-json\/wp\/v2\/users\/1"}],"replies":[{"embeddable":true,"href":"https:\/\/edmor.tktj.pl\/index.php\/wp-json\/wp\/v2\/comments?post=6606"}],"version-history":[{"count":0,"href":"https:\/\/edmor.tktj.pl\/index.php\/wp-json\/wp\/v2\/pages\/6606\/revisions"}],"wp:attachment":[{"href":"https:\/\/edmor.tktj.pl\/index.php\/wp-json\/wp\/v2\/media?parent=6606"}],"curies":[{"name":"wp","href":"https:\/\/api.w.org\/{rel}","templated":true}]}}