{"id":6609,"date":"2020-02-20T11:12:09","date_gmt":"2020-02-20T10:12:09","guid":{"rendered":"https:\/\/edmor.pl\/mint-sarah\/"},"modified":"2020-02-20T11:12:09","modified_gmt":"2020-02-20T10:12:09","slug":"mint-sarah","status":"publish","type":"page","link":"https:\/\/edmor.tktj.pl\/index.php\/mint-sarah\/","title":{"rendered":"Linux Mint &#8211; Sarah"},"content":{"rendered":"<p>Linux Mint jest systemem bazuj\u0105cym na Ubuntu wyposa\u017conym w pulpit MATE oraz Cinnamon.<\/p>\n<p class=\"section-subheading text-muted\">Linux Mint to dystrybucja systemu GNU\/Linux oparta na Ubuntu oraz Debianie, skierowana do pocz\u0105tkuj\u0105cych u\u017cytkownik\u00f3w. K\u0142adzie ona nacisk na prostot\u0119 u\u017cytkowania, przydatne aplikacje i pe\u0142ne ich wsparcie zaraz po instalacji dlatego skierowana do pocz\u0105tkuj\u0105cych u\u017cytkownik\u00f3w.<\/p>\n<p><a href=\"https:\/\/www.linuxmint.com\/\" target=\"_blank\" rel=\"no-follow noopener noreferrer\">Linux Mint<\/a><\/p>\n<p>Bazuje on na Ubuntu 16.04 LTS i posiada wsparcie techniczne do kwietnia 2021 roku.<\/p>\n<p style=\"text-align: center;\"><a href=\"https:\/\/linuxiarze.pl\/linux-mint-18-sarah\/\" target=\"_blank\" rel=\"no-follow noopener noreferrer\">Linux Mint Sarah<\/a><\/p>\n<p style=\"text-align: center;\">ngg_shortcode_0_placeholder<\/p>\n<p>29 01 2025<\/p>\n\n\nngg_shortcode_1_placeholder\n","protected":false},"excerpt":{"rendered":"<p>Linux Mint jest systemem bazuj\u0105cym na Ubuntu wyposa\u017conym w pulpit MATE oraz Cinnamon. Linux Mint to dystrybucja systemu GNU\/Linux oparta na Ubuntu oraz Debianie, skierowana do pocz\u0105tkuj\u0105cych u\u017cytkownik\u00f3w. K\u0142adzie ona nacisk na prostot\u0119 u\u017cytkowania, przydatne aplikacje i pe\u0142ne ich wsparcie zaraz po instalacji dlatego skierowana do pocz\u0105tkuj\u0105cych u\u017cytkownik\u00f3w. Linux Mint Bazuje on na Ubuntu 16.04 [&hellip;]<\/p>\n","protected":false},"author":1,"featured_media":0,"parent":0,"menu_order":0,"comment_status":"closed","ping_status":"closed","template":"","meta":{"ngg_post_thumbnail":0,"footnotes":""},"class_list":["post-6609","page","type-page","status-publish","hentry"],"_links":{"self":[{"href":"https:\/\/edmor.tktj.pl\/index.php\/wp-json\/wp\/v2\/pages\/6609","targetHints":{"allow":["GET"]}}],"collection":[{"href":"https:\/\/edmor.tktj.pl\/index.php\/wp-json\/wp\/v2\/pages"}],"about":[{"href":"https:\/\/edmor.tktj.pl\/index.php\/wp-json\/wp\/v2\/types\/page"}],"author":[{"embeddable":true,"href":"https:\/\/edmor.tktj.pl\/index.php\/wp-json\/wp\/v2\/users\/1"}],"replies":[{"embeddable":true,"href":"https:\/\/edmor.tktj.pl\/index.php\/wp-json\/wp\/v2\/comments?post=6609"}],"version-history":[{"count":0,"href":"https:\/\/edmor.tktj.pl\/index.php\/wp-json\/wp\/v2\/pages\/6609\/revisions"}],"wp:attachment":[{"href":"https:\/\/edmor.tktj.pl\/index.php\/wp-json\/wp\/v2\/media?parent=6609"}],"curies":[{"name":"wp","href":"https:\/\/api.w.org\/{rel}","templated":true}]}}