{"id":6710,"date":"2020-02-20T11:42:23","date_gmt":"2020-02-20T10:42:23","guid":{"rendered":"https:\/\/edmor.pl\/ubuntu-14-4\/"},"modified":"2020-02-20T11:42:23","modified_gmt":"2020-02-20T10:42:23","slug":"ubuntu-14-4","status":"publish","type":"page","link":"https:\/\/edmor.tktj.pl\/index.php\/ubuntu-14-4\/","title":{"rendered":"Ubuntu 14.4"},"content":{"rendered":"\n<p> System doskonale sprawdza si\u0119 zar\u00f3wno w pracy, jak i cyfrowej rozrywce. Ubuntu mo\u017cna poleci\u0107 osobom, kt\u00f3re wykorzystuj\u0105 komputer do pracy biurowej, ale s\u0105 przy tym \u015bwiadome, \u017ce nie znajd\u0105 tutaj wszystkich program\u00f3w znanych z Windowsa.\u00a0 <\/p>\n\n\n<p style=\"text-align: center;\">ngg_shortcode_0_placeholder<\/p>\n\n\n<p><a href=\"https:\/\/ubuntu.pl\/czytelnia\/2014\/05\/20\/przewodnik-po-ubuntu-14-04-lts-trusty-tahr\/\"> Przewodnik po Ubuntu 14.04 LTS Trusty Tahr <\/a><\/p>\n","protected":false},"excerpt":{"rendered":"<p>System doskonale sprawdza si\u0119 zar\u00f3wno w pracy, jak i cyfrowej rozrywce. Ubuntu mo\u017cna poleci\u0107 osobom, kt\u00f3re wykorzystuj\u0105 komputer do pracy biurowej, ale s\u0105 przy tym \u015bwiadome, \u017ce nie znajd\u0105 tutaj wszystkich program\u00f3w znanych z Windowsa.\u00a0 Przewodnik po Ubuntu 14.04 LTS Trusty Tahr<\/p>\n","protected":false},"author":1,"featured_media":0,"parent":0,"menu_order":0,"comment_status":"closed","ping_status":"closed","template":"","meta":{"ngg_post_thumbnail":0,"footnotes":""},"class_list":["post-6710","page","type-page","status-publish","hentry"],"_links":{"self":[{"href":"https:\/\/edmor.tktj.pl\/index.php\/wp-json\/wp\/v2\/pages\/6710","targetHints":{"allow":["GET"]}}],"collection":[{"href":"https:\/\/edmor.tktj.pl\/index.php\/wp-json\/wp\/v2\/pages"}],"about":[{"href":"https:\/\/edmor.tktj.pl\/index.php\/wp-json\/wp\/v2\/types\/page"}],"author":[{"embeddable":true,"href":"https:\/\/edmor.tktj.pl\/index.php\/wp-json\/wp\/v2\/users\/1"}],"replies":[{"embeddable":true,"href":"https:\/\/edmor.tktj.pl\/index.php\/wp-json\/wp\/v2\/comments?post=6710"}],"version-history":[{"count":0,"href":"https:\/\/edmor.tktj.pl\/index.php\/wp-json\/wp\/v2\/pages\/6710\/revisions"}],"wp:attachment":[{"href":"https:\/\/edmor.tktj.pl\/index.php\/wp-json\/wp\/v2\/media?parent=6710"}],"curies":[{"name":"wp","href":"https:\/\/api.w.org\/{rel}","templated":true}]}}