{"id":7141,"date":"2020-03-02T20:21:05","date_gmt":"2020-03-02T19:21:05","guid":{"rendered":"https:\/\/edmor.pl\/jaskinia-wierna\/"},"modified":"2020-03-02T20:21:05","modified_gmt":"2020-03-02T19:21:05","slug":"jaskinia-wierna","status":"publish","type":"page","link":"https:\/\/edmor.tktj.pl\/index.php\/jaskinia-wierna\/","title":{"rendered":"Jaskinia Wierna"},"content":{"rendered":"\n<p>Jaskinia Wierna to najwi\u0119ksza (d\u0142ugo\u015b\u0107 1027 m, deniwelacja 30 m) i jedna z najpi\u0119kniejszych jaski\u0144 jury. Znajdziemy w niej wspania\u0142e nacieki:  makarony, stalaktyty, draperie, polewy z mleczka wapiennego, pola ry\u017cowe,  nacieki grzybkowe.  Najwi\u0119ksze sale to: Sala Niska, Sala Wytrwa\u0142ych i Sala Rysia. Jaskini\u0105 opiekuje si\u0119  Speleo-Myszk\u00f3w. <a rel=\"noreferrer noopener\" aria-label=\"Plan (otwiera si\u0119 na nowej zak\u0142adce)\" href=\"http:\/\/www.sktj.pl\/epimenides\/jura\/maps\/wierna.gif\" target=\"_blank\">Plan jaskini<\/a>  <\/p>\n\n\n\n<p class=\"has-text-align-center\">[ultimate_maps id=&#8221;11&#8243;]<\/p>\n\n\n\n<p><\/p>\n\n\n\n<p><\/p>\n\n\n\n<p><\/p>\n\n\n\n<p>Fotorelacja z mojego wej\u015bcia do jaskini 27.04.2014 r., spotka\u0142em tu jaskiniowc\u00f3w z kilku klub\u00f3w. <a rel=\"noreferrer noopener\" aria-label=\"Niestety w tym dniu... (otwiera si\u0119 na nowej zak\u0142adce)\" href=\"https:\/\/www.czarnadziura.net\/wp-content\/uploads\/2018\/09\/jaskinia-wierna-34.jpg\" target=\"_blank\">Niestety w tym dniu&#8230;<\/a><\/p>\n\n\n\n<p class=\"has-text-align-center\"> <strong>Wy\u015bwietlanie galerii na pe\u0142nym ekranie: naci\u015bnij F11<\/strong> <\/p>\n\n\nngg_shortcode_0_placeholder\n\n\n<p><\/p>\n","protected":false},"excerpt":{"rendered":"<p>Jaskinia Wierna to najwi\u0119ksza (d\u0142ugo\u015b\u0107 1027 m, deniwelacja 30 m) i jedna z najpi\u0119kniejszych jaski\u0144 jury. Znajdziemy w niej wspania\u0142e nacieki: makarony, stalaktyty, draperie, polewy z mleczka wapiennego, pola ry\u017cowe, nacieki grzybkowe. Najwi\u0119ksze sale to: Sala Niska, Sala Wytrwa\u0142ych i Sala Rysia. Jaskini\u0105 opiekuje si\u0119 Speleo-Myszk\u00f3w. Plan jaskini [ultimate_maps id=&#8221;11&#8243;] Fotorelacja z mojego wej\u015bcia do [&hellip;]<\/p>\n","protected":false},"author":1,"featured_media":0,"parent":0,"menu_order":0,"comment_status":"closed","ping_status":"closed","template":"","meta":{"ngg_post_thumbnail":0,"footnotes":""},"class_list":["post-7141","page","type-page","status-publish","hentry"],"_links":{"self":[{"href":"https:\/\/edmor.tktj.pl\/index.php\/wp-json\/wp\/v2\/pages\/7141","targetHints":{"allow":["GET"]}}],"collection":[{"href":"https:\/\/edmor.tktj.pl\/index.php\/wp-json\/wp\/v2\/pages"}],"about":[{"href":"https:\/\/edmor.tktj.pl\/index.php\/wp-json\/wp\/v2\/types\/page"}],"author":[{"embeddable":true,"href":"https:\/\/edmor.tktj.pl\/index.php\/wp-json\/wp\/v2\/users\/1"}],"replies":[{"embeddable":true,"href":"https:\/\/edmor.tktj.pl\/index.php\/wp-json\/wp\/v2\/comments?post=7141"}],"version-history":[{"count":0,"href":"https:\/\/edmor.tktj.pl\/index.php\/wp-json\/wp\/v2\/pages\/7141\/revisions"}],"wp:attachment":[{"href":"https:\/\/edmor.tktj.pl\/index.php\/wp-json\/wp\/v2\/media?parent=7141"}],"curies":[{"name":"wp","href":"https:\/\/api.w.org\/{rel}","templated":true}]}}